*(-65)/(-10).
6
Calculate the remainder when 14 - 4078*(-1)/2 is divided by 5.
3
Suppose 22*q = -3*q - 14100. Let r = q + 632. What is the remainder when r is divided by 15?
8
Suppose -4*u = 4*h - 512, -418*h - 304 = -420*h + 4*u. What is the remainder when 288 is divided by h?
16
Let w(m) = -5 + 5*m - 11*m + 7*m. Let o be w(3). What is the remainder when 74 is divided by (38/o)/((-2 - 5)/7)?
17
Let t(v) be the first derivative of -2*v**3/3 - 23*v**2/2 - 20*v - 32. What is the remainder when 114 is divided by t(-7)?
28
Let r be (-13)/(52/24)*(-40)/15. Suppose -r*p + 2216 = 520. What is the remainder when p is divided by 18?
16
Suppose -5*h + 3*x + 6757 = 0, 442 = -2*h + x + 3146. Calculate the remainder when h is divided by 44.
35
Let j = 2913 - 2875. Calculate the remainder when 795 is divided by j.
35
What is the remainder when (3/(-9)*(-195)/26)/((-3)/(-198)) is divided by 37?
17
Let x(c) = -150*c + 9. Let q be x(-1). Let u = q + -66. What is the remainder when u is divided by 28?
9
Let o = -177 + 295. Let p(n) be the first derivative of n**3/3 - 5*n**2/2 - 9*n - 80. Calculate the remainder when o is divided by p(-3).
13
Suppose g - 381 = 2*x, -5*g - 4*x = -2423 + 490. Suppose -5*p = -d - g, -d - 249 = -3*p - 4*d. Let h = -55 + p. Calculate the remainder when 90 is divided by h.
21
Let s(x) = -2*x**3 + 86*x**2 - 84*x + 438. Calculate the remainder when 1372 is divided by s(42).
58
Let k = -250 + 241. Let m(v) = v**2 + 9*v + 38. Calculate the remainder when 111 is divided by m(k).
35
Suppose -3*z + 86 = -4*n, 3*z - 5*n - 692 + 610 = 0. Calculate the remainder when 534 is divided by z.
24
Suppose 0 = -b - 1 - 2, 0 = -q - 4*b - 7. Suppose -z + 9 = -s, -q*z - 2*s = -16 - 8. Calculate the remainder when 10/4 + 3/z is divided by 1.
0
Let k be 38/247 - 15411/39. Let i = k + 468. Calculate the remainder when i is divided by 6.
1
Let d(s) = -18 - 17 + 16*s - 7*s - 4. What is the remainder when (4 - -142)*-1*(-1)/2 is divided by d(6)?
13
Suppose 47*s = -35*s + 2887 + 8347. Calculate the remainder when 808 is divided by s.
123
Let h = 414 - 402. Suppose -204 = 9*r - h*r - t, 5*r = -3*t + 344. What is the remainder when r is divided by 36?
31
Let l = -33 + 32. Suppose 0*c - 5*c = -2*o - 286, 9 = -3*o. What is the remainder when c is divided by (7 - l)*((-165)/10)/(-11)?
8
Suppose -4*j - s + 456 + 85 = 0, 5*s = -3*j + 393. Calculate the remainder when 21758 is divided by j.
134
Let v(t) = 21*t + 192. Let u be v(9). Let i = u + -293. What is the remainder when 272 is divided by i?
8
Suppose 0 = -4*m - 2*q + 112, -29*q + 31*q - 50 = -2*m. Calculate the remainder when m is divided by (-2788)/(-287) + (-9)/(-7) + -1.
1
Let r = -168 - -165. What is the remainder when ((-2)/(-4))/(13/(-16692)*r) is divided by 74?
66
Let y(r) = 2*r**2 + 92*r - 485. Calculate the remainder when 587 is divided by y(5).
12
Let q(g) = -g**2 + 6*g - 13. Let j be q(10). What is the remainder when 251 is divided by ((-28)/(-6))/(j/(-318))?
27
Let b = 5100 - 5075. Calculate the remainder when b is divided by 17.
8
Suppose 0 = -f + 6 - 8, y = -2*f + 83. What is the remainder when 3913 is divided by y?
85
Let j = 9405 - 9394. What is the remainder when 3110 is divided by j?
8
Let y(z) = -z**3 + 9*z**2 + 4*z + 33. What is the remainder when y(8) is divided by 45?
39
Suppose -g - 116 - 61 = -2*u, g = 3. Calculate the remainder when 2068 is divided by u.
88
Let w = -48 - -181. Let j = 184 - w. Calculate the remainder when 12*(-7)/(63/(-114)) is divided by j.
50
Let b = -650 - -1004. Suppose 0 = -0*p + 2*p - b. Suppose -4*i = 2*k - 9*i - 15, -2*i = 2*k - 50. What is the remainder when p is divided by k?
17
Suppose 18 = 11*u - 4. What is the remainder when 159 is divided by ((-2)/(u + -6))/((-2)/(-40))?
9
Let w = 0 + -157. Let u = 6 - w. Calculate the remainder when u is divided by 56.
51
Calculate the remainder when 62 is divided by (-3 - (-81)/(-63))*(-7)/2.
2
Let r = -5080 + 5091. Suppose -2*f - 98 = -308. What is the remainder when f is divided by r?
6
Let p(o) = -743*o + 90. What is the remainder when 1894 is divided by p(0)?
4
Let h(u) = -28*u**2 - 1515*u - 107. Calculate the remainder when 4065 is divided by h(-54).
50
Let x = -4596 + 5283. What is the remainder when x is divided by 75?
12
Let f = 8468 + -6701. What is the remainder when f is divided by 4?
3
Let d(o) be the second derivative of -o**4/4 + o**3/3 + o**2 - 17*o. Let i be d(-1). What is the remainder when -4 - (-33 + i - 0) is divided by 12?
8
Calculate the remainder when 1472 is divided by 2/6 + (-221)/(-306)*12.
5
Let v = -28579 - -28608. What is the remainder when 222 is divided by v?
19
Calculate the remainder when (-1616)/1111*(-175 - 1) is divided by 46.
26
Let u(m) = -m**3 + 63. Suppose 2*v - 3*a - 7 = -18, a - 11 = -3*v. What is the remainder when u(0) is divided by v/7 - ((-720)/28 - -4)?
19
Suppose 3*j = -h - 20, -2*h + 2*j = 6 + 2. Let i be (-3 - h)*(15 - -2). Let w = i + -58. Calculate the remainder when w is divided by 6.
3
Suppose -9*b + 16048 = 50*b. What is the remainder when b is divided by 90?
2
Suppose 3*f + 5*c = 5*f - 20, 4*c - 68 = -4*f. Suppose -3*h - 5*v = 2*h + 45, v + 23 = -3*h. Let k = 15 + h. What is the remainder when f is divided by k?
7
Suppose 10*r - 2 - 48 = 0. Suppose r*b + 3 = 2*b, 5*l - 124 = 4*b. Calculate the remainder when l is divided by 8.
0
Suppose -809 = 32*c - 6793. What is the remainder when c is divided by 15?
7
Let o(n) = -394*n + 1069. Calculate the remainder when o(2) is divided by 23.
5
Suppose -5*s - 1 = -21, 2*h - 3*s = -190. Let x = -42 - h. What is the remainder when x is divided by 7?
5
Let y be 100/(-150) + -2*(-22)/12. Suppose -p + w + 36 = 0, -2*p = -y*p - 3*w + 16. What is the remainder when 278 is divided by p?
30
Let w = 28 + 3. Calculate the remainder when 426 is divided by w.
23
Suppose -5 = 7*b - 2*b. Let z = -1237 - -1246. Calculate the remainder when z is divided by (-7)/(1/b)*1.
2
Let i = -46 - -75. Let f = i + -27. Suppose -3*y = -h - 5*y + 30, -f*h + 76 = -4*y. What is the remainder when 66 is divided by h?
32
Suppose -61*b - b = -806. Calculate the remainder when 2859 is divided by b.
12
Suppose 0 = 2*t - 3*c + 8*c + 407, 2*t - 5*c + 417 = 0. Let w = t - -242. Calculate the remainder when 129 is divided by w.
21
Suppose 5*x - 4*t - 468 = 0, 1155*x - 1150*x + 3*t = 419. What is the remainder when 32293 is divided by x?
85
Let a = 572 + -302. What is the remainder when 558 is divided by a?
18
Suppose -26 = -t + 240 - 92. Calculate the remainder when 602 is divided by t.
80
Suppose -3*q + 3 = -2*q. Suppose -q*j - 2*d + 54 = -d, 3*j + 4*d = 45. Let k = -104 - -216. Calculate the remainder when k is divided by j.
17
Suppose -22*a + 21780 = -4*p - 27*a, -5*a = -4*p - 21780. What is the remainder when 231 is divided by 10/(-85) - p/187?
28
Suppose 0 = -77*m - 34*m + 891425 + 190048. What is the remainder when m is divided by 174?
173
Let j(u) = u**2 - 32*u + 196. Suppose -7*m - t = -4*m - 264, 264 = 3*m + 4*t. Calculate the remainder when m is divided by j(28).
4
Suppose -21*j - 2*o + 5258 = -26*j, -3*o = -2*j - 2101. Calculate the remainder when (j/(-6) + 0)*(-21)/(-14) is divided by 14.
11
Let n(m) = 26*m**3 - 3*m**2 + 4*m + 5. Calculate the remainder when 431 is divided by n(2).
13
Suppose 0 = 5*w + r - 525, -w + 4*r - 315 = -4*w. Let s = -46 + w. Suppose 2 = -k, -2*k + 4 - 48 = -2*o. Calculate the remainder when s is divided by o.
19
Suppose -5*m + 292 + 148 = 5*w, 0 = 5*m - 35. What is the remainder when 291 is divided by w?
48
Let l be 9/(-12)*-4 - 3. Suppose l = 4*k + 5*s - 499, -5*k + 2*s + 686 - 54 = 0. Suppose k + 210 = 8*x. Calculate the remainder when x is divided by 12.
6
Let w(x) = -x**2 - 6*x - 2. Let t be (-21)/7*(-22)/(-6). Let u = t + 7. What is the remainder when 14 is divided by w(u)?
2
Suppose -216 = -3*j + 2*p - 22, 0 = -3*j + 5*p + 179. What is the remainder when 863 is divided by j?
47
Let p(v) = 11*v - 199. Let q be p(12). Let g = q + 90. What is the remainder when 47 is divided by g?
1
Suppose -67*x = -130237 + 41328. Calculate the remainder when x is divided by 58.
51
What is the remainder when 649 - (-10 + 21 + -28) is divided by 85?
71
Suppose 0 = -5*j + 20. Suppose 50 + 30 = 5*a. Let v(n) = 2*n - 10. What is the remainder whe